ue
Is 13 a factor of 153387?
True
Does 10 divide 79331?
False
Does 77 divide 290387?
False
Is 135 a factor of 6048540?
True
Is 77660 a multiple of 3?
False
Is 167 a factor of 566631?
True
Is 8242740 a multiple of 45?
True
Is 966695 a multiple of 2?
False
Does 2 divide 258485?
False
Is 1955970 a multiple of 17?
False
Is 27 a factor of 2754270?
True
Is 378 a factor of 4061232?
True
Is 250303 a multiple of 17?
False
Is 64 a factor of 293240?
False
Is 23213200 a multiple of 655?
True
Is 4075130 a multiple of 590?
True
Is 29 a factor of 1415896?
True
Is 195547 a multiple of 312?
False
Does 27 divide 3872529?
True
Is 10600 even?
True
Does 176 divide 3162502?
False
Does 21 divide 28008?
False
Is 93002 a multiple of 5?
False
Is 222629 a multiple of 3?
False
Does 19 divide 2511?
False
Is 10 a factor of 2043950?
True
Is 144615 a multiple of 7?
False
Is 459 a factor of 2893077?
True
Does 39 divide 117115?
False
Is 496 a factor of 5717392?
True
Does 34 divide 1531?
False
Is 10259 a multiple of 46?
False
Is 8 a factor of 35128?
True
Is 91 a factor of 130634?
False
Does 14 divide 193956?
True
Is 6784 a multiple of 424?
True
Is 222 a factor of 51948?
True
Is 133 a factor of 240180?
False
Is 26 a factor of 338936?
True
Is 485 a factor of 246865?
True
Does 28 divide 43988?
True
Is 1233120 a multiple of 30?
True
Does 373 divide 947525?
False
Is 7 a factor of 104125?
True
Does 17 divide 39882?
True
Is 366 a factor of 14360596?
False
Is 959 a factor of 1257651?
False
Is 883 a factor of 2316063?
False
Is 73 a factor of 182232?
False
Does 35 divide 662130?
True
Does 44 divide 123148?
False
Does 9 divide 1597109?
False
Is 189 a factor of 47022?
False
Is 93662 a multiple of 89?
False
Is 233985 a multiple of 299?
False
Does 13 divide 7353671?
True
Does 1268 divide 5460447?
False
Does 264 divide 3232527?
False
Is 3621060 a multiple of 45?
True
Is 2106042 a multiple of 16?
False
Does 169 divide 149831?
False
Does 28 divide 2619568?
True
Does 19 divide 4149306?
False
Does 6 divide 23437?
False
Is 223065 a multiple of 15?
True
Does 227 divide 2192593?
True
Does 22 divide 19251716?
True
Does 71 divide 121978?
True
Does 132 divide 100515?
False
Is 25 a factor of 21194?
False
Is 1062105 a multiple of 16?
False
Is 1316322 a multiple of 14?
True
Is 27 a factor of 60831?
True
Is 70 a factor of 1360618?
False
Is 40 a factor of 201920?
True
Is 217 a factor of 389373?
False
Is 167819 a multiple of 23?
False
Is 339017 a multiple of 116?
False
Is 258860 a multiple of 517?
False
Is 10 a factor of 184080?
True
Is 10 a factor of 57659?
False
Is 96 a factor of 3118817?
False
Is 3690 a multiple of 18?
True
Is 44 a factor of 9186943?
False
Is 74 a factor of 347282?
True
Does 15 divide 12282070?
False
Is 9 a factor of 325743?
False
Does 28 divide 20839?
False
Does 19 divide 7429?
True
Is 70416 a multiple of 326?
True
Does 6 divide 5449?
False
Does 57 divide 111106?
False
Is 350 a factor of 4740720?
False
Does 2 divide 165232?
True
Is 326281 a multiple of 59?
False
Does 9 divide 2523812?
False
Is 13 a factor of 984534?
False
Does 9 divide 47421?
True
Is 10 a factor of 2161250?
True
Is 83919 a multiple of 33?
True
Is 21394444 a multiple of 2116?
False
Is 34320 a multiple of 44?
True
Does 1277 divide 14722994?
False
Is 77 a factor of 106903?
False
Does 57 divide 290865?
False
Does 32 divide 2315616?
True
Does 63 divide 32157?
False
Does 11 divide 119044?
False
Does 22 divide 61996?
True
Does 687 divide 1709227?
False
Is 41914 a multiple of 9?
False
Is 38 a factor of 298188?
False
Is 5 a factor of 71145?
True
Is 162 a factor of 528747?
False
Is 18 a factor of 102510?
True
Is 7695 a multiple of 81?
True
Is 39 a factor of 467637?
False
Does 10 divide 19500?
True
Does 406 divide 118958?
True
Is 906745 a multiple of 35?
True
Is 258 a factor of 2838?
True
Is 9508802 a multiple of 228?
False
Is 11 a factor of 2166142?
True
Is 21 a factor of 298851?
True
Is 6 a factor of 544289?
False
Is 3908475 a multiple of 577?
False
Is 313 a factor of 19638872?
True
Is 4 a factor of 509164?
True
Is 6 a factor of 38933?
False
Is 71981 a multiple of 3?
False
Is 232084 a multiple of 141?
False
Is 75243 a multiple of 35?
False
Is 80 a factor of 19680?
True
Is 1701815 a multiple of 513?
False
Is 27 a factor of 108219?
False
Is 2800964 a multiple of 4?
True
Does 1489 divide 5071534?
True
Is 29 a factor of 2102983?
False
Is 197467 a multiple of 280?
False
Is 147 a factor of 2624559?
False
Is 299 a factor of 393648?
False
Is 5 a factor of 1233056?
False
Is 4 a factor of 95788?
True
Does 5 divide 194460?
True
Is 530 a factor of 331452?
False
Is 10 a factor of 149386?
False
Does 83 divide 13424171?
True
Is 199878 a multiple of 198?
False
Is 395896 a multiple of 697?
True
Does 25 divide 379295?
False
Is 43 a factor of 4746019?
False
Is 24 a factor of 1403784?
True
Does 489 divide 2133507?
True
Is 79 a factor of 303439?
True
Is 7 a factor of 6818?
True
Does 81 divide 30438?
False
Is 55 a factor of 43558?
False
Is 31 a factor of 514114?
False
Does 16 divide 711559?
False
Is 119 a factor of 981713?
False
Is 104 a factor of 72618?
False
Does 651 divide 13671?
True
Is 934700 a multiple of 114?
False
Is 371006 a multiple of 135?
False
Is 53 a factor of 461789?
True
Is 39 a factor of 205308?
False
Does 339 divide 11569392?
True
Does 8 divide 45936?
True
Is 17 a factor of 32351?
True
Does 18 divide 80631?
False
Does 4 divide 2208919?
False
Is 14 a factor of 5996404?
False
Is 750484 a multiple of 169?
False
Is 204 a factor of 6050?
False
Is 39 a factor of 187347?
False
Is 450 a factor of 8869050?
True
Is 52 a factor of 278508?
False
Is 268 a factor of 15825388?
False
Is 31414 a multiple of 3?
False
Does 971 divide 3886913?
True
Is 501 a factor of 721121?
False
Is 800 a factor of 6505600?
True
Does 594 divide 401544?
True
Is 240882 a multiple of 8?
False
Does 6 divide 14770118?
False
Is 18 a factor of 10630642?
False
Is 13 a factor of 125840?
True
Does 313 divide 938060?
False
Does 718 divide 1679158?
False
Is 561 a factor of 558834?
False
Is 14 a factor of 695744?
True
Is 343 a factor of 2443532?
True
Does 15 divide 32280?
True
Is 25 a factor of 61215?
False
Is 5981729 a multiple of 403?
True
Is 10 a factor of 40784520?
True
Does 9 divide 109503?
True
Is 4900 a multiple of 25?
True
Is 11294 a multiple of 3?
False
Is 409067 a multiple of 61?
False
Is 138078 a multiple of 6?
True
Does 60 divide 365940?
True
Is 1403476 a multiple of 7?
False
Is 521033 a multiple of 22?
False
Does 6 divide 4962?
True
Does 399 divide 9456196?
False
Does 38 divide 34545?
False
Is 16608 even?
True
Is 416004 a multiple of 331?
False
Is 15753356 a multiple of 89?
True
Is 176225 a multiple of 233?
False
Does 14 divide 1356539?
False
Does 39 divide 11708?
False
Is 21 a factor of 5009004?
True
Does 264 divide 325172?
False
Is 233 a factor of 101122?
True
Is 365 a factor of 13237123?
False
Does 128 divide 1233664?
True
Does 54 divide 1722797?
False
Does 62 divide 167090?
True
Is 75 a factor of 274371?
False
Does 15 divide 917115?
True
Is 9667780 a multiple of 386?
False
Is 1297940 a multiple of 73?
True
Is 61608 a multiple of 12?
True
Does 271 divide 618434?
False
Is 45 a factor of 111406?
False
Is 649 a factor of 746999?
True
Does 992 divide 6937056?
True
Is 8 a factor of 53944?
True
Does 43 divide 1794075?
False
Is 376994 a multiple of 324?
False
Does 98 divide 291942?
True
Does 856 divide 1194120?
True
Does 196 divide 3956456?
True
Is 891 a factor of 1544650?
False
Is 11805090 a multiple of 55?
True
Does 50 divide 969490?
False
Is 5240567 a multiple of 14?
False
Is 421 a factor of 4781297?
True
Is 327 a factor of 1210881?
True
Is 21 a factor of 152943?
True
Is 850 a factor of 5543700?
True
Is 8246336 a multiple of 158?
True
Does 8 divide 2962490?
False
Is 383456 a multiple of 62?
False
Is 216 a factor of 121176?
True
Is 139 a factor of 38619?
False
Is 14 a factor of 46965?
False
Does 309 divide 1863270?
True
Does 23 divide 25001?
True
Is 330800 a multiple of 100?
True
Is 82 a factor of 632064?
False
Does 52 divide 1064918?
False
Is 348 a factor of 219336?
False
Is 50560 a multiple of 4?
True
Is 262220 a multiple of 10?
True
Is 620 a factor of 3594679?
False
Is 739600 a multiple of 86?
True
Is 28330 a multiple of 91?
False
Is 15456 a multiple of 17?
False